emainder when k is divided by 23.
22
Let k = -96 - -140. Calculate the remainder when 219 is divided by k.
43
Let x = -43 - -60. Let c = 52 - -15. Calculate the remainder when c is divided by x.
16
Let c be ((-299)/(-26))/(2/84). Suppose -c = -2*p + 71. Suppose 0 = g + 4*g - 4*x - 281, -5*g + p = -3*x. Calculate the remainder when g is divided by 18.
17
Suppose 4*v + 111 = -40*d + 45*d, 4*d + 2*v = 94. Calculate the remainder when 156 is divided by d.
18
Suppose -2*j - 20 = -6*j. Suppose j*k - 31 - 44 = 0. Let w = 173 - 146. What is the remainder when w is divided by k?
12
Let o(y) = 5*y - 6. Let w = -2199 + 2348. Calculate the remainder when w is divided by o(5).
16
Suppose -3*j + 4*l + 24 = 0, 0*l = 3*j + 4*l. What is the remainder when 74 is divided by 1/j - (-525)/28?
17
Let s = 34 + 54. What is the remainder when 29 is divided by (s/(-12) - -4)*-3?
9
Calculate the remainder when ((-66)/(-12) + -4)/((-12)/(-2152)) is divided by 73.
50
Suppose -2*w + 24 = 3*z, -3*z - 3*w + 9 = -6*w. Suppose 0 = -2*h - 4*d + 38, d = -2*h + z*h - 76. Calculate the remainder when h is divided by 5.
4
Let w(q) = 2*q**2 + 22*q - 11. Let h(m) = m + 1. Let z(d) = h(d) - w(d). Let l = 3 + -2. What is the remainder when z(-11) is divided by l?
0
Let c be (-2)/((-2)/12 + (-2)/(-9)). What is the remainder when 23/(c/(-8) - 4) is divided by 9*(-1 + (-21)/(-9))?
10
Suppose -k = 4*k - 50. Suppose -4*z + 26 = -k. Let c(u) = 5*u**2 - u. Calculate the remainder when c(3) is divided by z.
6
Suppose -4*i = h - 401, -3*i + 3*h + h + 296 = 0. Calculate the remainder when i is divided by 6*(-1079)/(-234) + (-6)/9.
19
Suppose 2*d + r - 76 - 12 = 0, d + 5*r = 44. Let b(p) = -3*p - 1. What is the remainder when d is divided by b(-8)?
21
Let q = 422 + -380. Calculate the remainder when 164 is divided by q.
38
Let p(u) = -u**3 + 3*u**2 + u - 6. Let y be p(2). Suppose y*d = 3*d - 207. What is the remainder when d is divided by 24?
21
Let a = -569 + 582. Let b be (-15)/(-9)*17*3. Let u = b - 35. What is the remainder when u is divided by a?
11
Suppose -i = 4*i. Suppose -5*g + 25 = -4*z, i = 4*z - g + 5. Suppose z = 3*x - x - 10. What is the remainder when 16 is divided by x?
1
Let n = 27 + -25. Suppose n*h + 3*h = 0. Suppose 5 = x + 2*q, -4*x + 13 = -h*x + q. Calculate the remainder when 8 is divided by x.
2
Suppose 140 = n + 4*n - 2*o, -2*o - 20 = -n. Suppose 4*k - n + 10 = 0. What is the remainder when 18 is divided by k?
3
Suppose -33*v + 1078 + 209 = 0. Calculate the remainder when 188 is divided by v.
32
Suppose -5*g = -0*g + 3*f - 375, g + 2*f - 75 = 0. What is the remainder when g is divided by 20?
15
Let f = -32 - -37. Suppose 2*p - n = -8, p - 4*n + 0 + 4 = 0. Calculate the remainder when f is divided by -8*(-1)/(p/(-2)).
1
Suppose -3*v + 1077 = 3*h, 2*h + 4*v - 552 - 166 = 0. Calculate the remainder when h is divided by 12.
11
Let h(u) = -u**3 - u + 15. Suppose -50 = -y - 11*v + 14*v, 2*y - v = 110. Calculate the remainder when y is divided by h(0).
11
Suppose 4*n - 86 = 2*y, -2*y + 5*y = -n + 39. Let w = n - -7. What is the remainder when w is divided by 8?
7
Suppose -2*g + 5*g - 2500 = -5*n, -5*g + 25 = 0. Suppose -7*q - 119 + n = 0. What is the remainder when q is divided by 19?
16
Suppose 3*a + a = 0. Let t be 2/(a + 1/2). Suppose -5*k - 13 = 3*r + 9, -t*r + 4*k = -24. Calculate the remainder when 3 is divided by r.
0
Let w = 3 - -82. Let i = -35 + w. What is the remainder when i is divided by 17?
16
Suppose -62 + 22 = 4*r. Calculate the remainder when 67 is divided by r/4 - -2 - 148/(-8).
13
Let b be (-152)/(-6)*(8 + -11). Let q = -5 - b. Let j = q + -40. What is the remainder when 90 is divided by j?
28
Suppose -5*r = -s + 27, 0 = -s - 2*r - 4 + 3. Let a = 1751 + -1733. Calculate the remainder when a is divided by s.
4
Suppose -g + 5*q = q, -2*g + 3*q = -25. Suppose 8*s = 13*s - 50. Calculate the remainder when ((-170)/(-4))/(s/g) is divided by 22.
19
Let r(a) = a**2 + 4*a + 2. Let n be r(-4). Suppose -n = 3*h + 4. Calculate the remainder when (-177)/h + (-1)/(-2) is divided by 23.
20
Suppose 16*z + 72 = 7*z. Let k(h) = h**2 + 5*h - 9. What is the remainder when 56 is divided by k(z)?
11
Let i(b) = -b**2 - b + 1. Let o(p) = p**2 + 4*p + 14. Let h(d) = -2*i(d) - o(d). Calculate the remainder when h(7) is divided by 7.
5
Suppose -37*u = -32*u - 965. What is the remainder when u is divided by 49?
46
Let l(k) = k**3 - 3*k**2 - 9*k + 8. Calculate the remainder when l(6) is divided by (1 - (-9 - -1)) + 4.
10
Let m(n) = -n**3 + 6*n + 1. Let c = -51 - -47. Calculate the remainder when 161 is divided by m(c).
38
Let s(a) = a**3 + 6*a**2 + 6*a + 7. Let o be s(-5). Suppose 46 = 2*v - o*y, -3*v + 4 = -4*y - 67. What is the remainder when 81 is divided by v?
18
Let f(x) = 6*x**2 - 8*x. Let c be f(7). Let u = 347 - c. What is the remainder when u is divided by 37?
35
Let p(t) = -2*t - 1. Let z be p(-2). Suppose -5*b + 9 + 16 = 0. Suppose 38 = 2*f - 4*a, -z*f = -b*a - 0*a - 54. What is the remainder when f is divided by 7?
6
Calculate the remainder when -3 - (40761/(-56) + 7/(-56)) is divided by 26.
23
Calculate the remainder when 31 is divided by 192/448 - (-3)/(42/92).
3
Suppose 1 - 21 = -5*k. Suppose 4*p - x + k*x - 253 = 0, 4*x + 20 = 0. Calculate the remainder when p is divided by 22.
1
Let l = 1700 - -292. What is the remainder when l is divided by 133?
130
Let x(l) = -3*l**3 - 58*l**2 - 26*l - 85. Calculate the remainder when x(-19) is divided by 43.
5
Calculate the remainder when 33*2 - (2 - 1) is divided by 1*3*(-34)/(-6).
14
Let l = 985 + -972. Let b = 0 + 4. What is the remainder when l is divided by b?
1
Suppose f - 26 = -19*o + 22*o, 5*f = -o + 66. Calculate the remainder when 72 is divided by f.
2
Suppose -601*k = -550*k - 9078. Suppose -6*u + 40 = -4*u. Calculate the remainder when k is divided by u.
18
Let o(q) = q**3 + 43*q**2 - q + 38. What is the remainder when o(-43) is divided by 22?
15
Suppose -5*b - 2*x = -1790 + 400, 0 = 5*b + 3*x - 1385. What is the remainder when b is divided by 29?
19
Suppose -5*m + 45 = -4*x, -5*x + 4*m + m - 50 = 0. What is the remainder when 65 is divided by (34/(-4))/(x/10)?
14
Let n = -1490 - -2718. What is the remainder when n is divided by 30?
28
Suppose 96 + 248 = 43*l. Calculate the remainder when 17 + (1*-4)/(-2) is divided by l.
3
Suppose -3*s + 10*s = 280. Calculate the remainder when 11 is divided by 12/s*-4*-5.
5
What is the remainder when 6032/96 + 2/12 is divided by 22?
19
Suppose 2*m + 6*m - 88 = 0. Let o = -6 - -11. What is the remainder when m is divided by o?
1
Suppose -80 = -4*b - a + 5*a, -5*b + 132 = 3*a. Let i = 148 - 141. What is the remainder when b is divided by i?
3
Calculate the remainder when 98 is divided by (228/95)/((-4)/(-50)).
8
Suppose 0 = 3*k + 2*j - 361, 5*k + 5*j - 478 = 132. Calculate the remainder when k is divided by 25.
17
Let i(j) = j**3 + 4*j**2 - 17*j - 33. What is the remainder when i(-3) is divided by 22?
5
Suppose -4*q + 69 = -7*q. Let z = -18 - q. Calculate the remainder when 6 is divided by z.
1
Suppose -2*i - 2*i + 19 = -3*z, 4*z + 16 = 3*i. Let w(h) = 16*h**2 + 1. Let a(g) = 3*g**2 + 5*g + 5. Calculate the remainder when a(-6) is divided by w(z).
15
Suppose -7*b + 354 = -b. Suppose -i - 53 = -5*z - 2*i, 2*i = 5*z - b. Let a(q) = 2*q**2 - 6*q - 6. Calculate the remainder when a(6) is divided by z.
8
Suppose 0 = -y - 2*y + 2*h + 39, -2*y + 26 = -h. Let x = -8 + y. Suppose -4*s = 3*f - 29, 4*f - x*f - 27 = -2*s. What is the remainder when 42 is divided by s?
9
Let b = -626 - -631. Let w = -6 - -13. What is the remainder when w is divided by b?
2
What is the remainder when (42/91)/3 - 1322/(-26) is divided by 15?
6
What is the remainder when 10/(130/19981)*1 is divided by 23?
19
Suppose 2*t - 14 = -4*w - 12, -5*t = w - 32. What is the remainder when 15 is divided by t?
1
Let f(v) = 18*v - 72. What is the remainder when f(6) is divided by 31?
5
Let b(x) = 4*x - 4. Suppose 5*w + 45 = 5*r, -2*w = r + 3*r - 6. What is the remainder when b(r) is divided by 4?
0
Let t be -6*(9/6 + -2). Suppose -t*v + 0*v = -5*g + 23, -2*v + 8 = 0. What is the remainder when g is divided by 2?
1
Suppose -2*h = 0, p + 5*h - 16 = -0*h. What is the remainder when 110 is divided by p?
14
Let j = 192 - 176. Calculate